-5*f - 5. Suppose 2*n + 4 = -2*n. Let p = n + x. List the prime factors of p.
2, 3
Let t(g) = -8*g + 12. Let c be t(6). What are the prime factors of -1 - (4 - 2) - c?
3, 11
Suppose 0 = 2*h - 2 - 2. Suppose 3*q - 12 = q. Suppose -h*x + q = -x. List the prime factors of x.
2, 3
Suppose -6*r + 26 = -136. What are the prime factors of r?
3
Let c be 1*2 - (-1)/1. Suppose -3*o + 3*a + 21 = -21, -c*o + 37 = 2*a. What are the prime factors of o?
13
Suppose -5*m - 2*b = -101, 7*b - 12 = 3*b. List the prime factors of m.
19
Suppose 3*f + 9 = 0, -3*i - 3*f + 57 = 3. What are the prime factors of i?
3, 7
Let x be (-7)/42 - (-53)/(-6). Let c be (-3)/x*0 - -1. Suppose c = -2*y + 23. List the prime factors of y.
11
Suppose 0 = 4*s - 16 - 8. What are the prime factors of ((-48)/s)/((-2)/7)?
2, 7
Suppose -161 = -5*h + g + 55, 0 = 2*h + 2*g - 96. What are the prime factors of h?
2, 11
Let h(d) = -4*d - 8. Let p(v) = v - 12. Let l be p(6). List the prime factors of h(l).
2
Suppose -q + 75 = -0*q + 2*x, 3*x = 4*q - 267. What are the prime factors of q?
3, 23
Let g(x) = x**2 + 11*x + 10. Let h be g(-10). Suppose c + h*c = 28. What are the prime factors of c?
2, 7
Suppose 0 = -3*u + 5*z + 37, -2*u - 2*z + 0*z - 2 = 0. Let h = u - 0. List the prime factors of h.
2
Let u(k) = -k**3 - 8*k**2 - 12*k - 7. Let d be u(-6). Suppose 2*n - 2*g = 16, -37 = -2*n - 3*g - 2*g. Let v = n + d. What are the prime factors of v?
2
Let n be (-6)/(-4) - 1/(-2). Let c be ((-62)/n + 1)/(-1). Let k = c + -21. What are the prime factors of k?
3
Let j(p) = -p - 1. Let k be j(-7). Let q = k - 4. Suppose -f + 0*f = -q*i + 40, 20 = -5*f. What are the prime factors of i?
2, 3
Let z(n) be the first derivative of -n**4/24 + 11*n**3/6 + 2*n**2 - 4. Let h(w) be the second derivative of z(w). What are the prime factors of h(6)?
5
Let b = -126 - -202. What are the prime factors of b?
2, 19
Let c(i) = 2*i**2 + 10*i + 8. Let q be c(-6). Suppose 0 = -2*a - 4, 2*h + q = 4*h - 3*a. List the prime factors of h.
7
Let a = -1 + -1. What are the prime factors of (a/(-5))/((-1)/(-20))?
2
List the prime factors of 2/(-9) - 1460/(-9).
2, 3
Let f(v) = -5*v - 2. What are the prime factors of f(-7)?
3, 11
Let g(f) = f**2 - 3*f - 7. Let c be g(5). Suppose 5*u = 3*u + 2. Suppose 0 = -c*o + 16 - u. What are the prime factors of o?
5
Suppose -3*f + 3*d = -0*d + 24, 0 = -4*f + 5*d - 32. Let x = -1 - f. What are the prime factors of x?
7
What are the prime factors of 8/24 + (-250)/(-6)?
2, 3, 7
Let y = 141 + -83. Let t = y + -20. List the prime factors of t.
2, 19
Let c be (6 - 5)*(2 + 1). Let j = 25 - c. What are the prime factors of j?
2, 11
Let y(t) = t - 4. Let o be y(4). Suppose o*g = -2*g + 42. Suppose -b + g = -0*b. What are the prime factors of b?
3, 7
Let g be -2*((-14)/4 - -1). Let z be 2 + -1 - (4 - g). Suppose -z = -f + 2. List the prime factors of f.
2
Suppose -5*z + 881 = -3*v, 187 = z - v + 4*v. List the prime factors of z.
2, 89
Let i = -3 + 7. Suppose 0 = -i*r - 32. List the prime factors of (10/6)/(r/(-48)).
2, 5
Let a(d) be the third derivative of d**5/60 + d**4/6 + 5*d**3/6 + 6*d**2. What are the prime factors of a(4)?
37
Suppose 46 = t - 5*o, o + 4*o + 117 = 2*t. What are the prime factors of t?
71
Suppose -18 + 2 = -4*f. Suppose -f = q - 18. List the prime factors of q.
2, 7
Let p(a) = a - 3. Let q be p(6). Let i(x) = -3*x**3 + 2*x**2 + x - 1. Let d be i(-1). Suppose -d*f + 18 + q = 0. What are the prime factors of f?
7
Let n be 0 + 0/(-1) + 4. Suppose -2*i = -n*i + 34. List the prime factors of i.
17
Suppose 3*x = -2*x - 4*a + 872, -4*x + 5*a + 714 = 0. What are the prime factors of x?
2, 11
List the prime factors of (63/6)/(-1 + 6/4).
3, 7
Suppose -5*b - 159 = 216. Let c be 5/(b/6)*-5. Let n(w) = 2*w**3 - 4*w**2 + 2*w + 1. What are the prime factors of n(c)?
5
Suppose -2*f = 3*u + 3, f - 2*u = 5 + 4. Let k(o) = 1 + 1 - o**f + 0 + 6*o + 4*o**2. What are the prime factors of k(5)?
7
Let p be 6*3*(-60)/(-27). Suppose -18 = -2*a + p. List the prime factors of a.
29
Let o(r) = r**3 - 11*r**2 - 3. Let m be o(11). Let j(v) = -v**3 + v**2 + 4*v + 1. List the prime factors of j(m).
5
Let b(y) = 29*y + 1. Let q be b(1). Let d = q - 18. List the prime factors of d.
2, 3
Let d = 189 - 120. What are the prime factors of d?
3, 23
Let a(r) = r**2 + 3*r + 2. Let d be a(-3). Let n(l) = 8*l + 2*l**2 - 5 + l**3 + 1 + 8*l**d. List the prime factors of n(-9).
5
Suppose 0 = -3*q - q. Suppose q*m - 3*m - 14 = -2*x, 9 = -m + 5*x. Let g(w) = -4*w - 2. What are the prime factors of g(m)?
2, 7
Suppose -6*o + 608 + 1624 = 0. List the prime factors of o.
2, 3, 31
Let y(z) = -2*z**3 - 2*z**2 + z + 1. Let d be y(-2). Suppose 3*u = 11 + d. List the prime factors of u.
2, 3
Let d(p) be the second derivative of -p**4/12 + 2*p**3 - p**2/2 - 4*p. List the prime factors of d(9).
2, 13
Let i = 1 + 1. Let x(n) = n**3 - 5*n**2 + 2*n - 6. Let o be x(5). Suppose 5*d + 20 = i*f, f + 13 = 2*f - o*d. List the prime factors of f.
5
What are the prime factors of -12 - -16 - (-32 - 0)?
2, 3
Suppose 5*x + 12 = 4*o, 5*x + 0*o + 30 = -5*o. Let a(z) = 2*z**2 + 5*z - 3. List the prime factors of a(x).
3
Let w(s) = s**2 + 2*s - 1. Let d(t) = -t**3 - 7*t**2 - 3*t. Let l be d(-3). Let o be 114/l - (-2)/9. List the prime factors of w(o).
7
Let o be 6/15 + (-48)/(-5). Suppose -3*r - 2*r = -o. What are the prime factors of r?
2
Let f = -5 - -2. Suppose c + 50 = 6*c. Let d = c + f. What are the prime factors of d?
7
Let v be (-1)/2*1*-28. List the prime factors of 3/21 + 460/v.
3, 11
Let l(p) = -p - 1. Let a be l(-8). Let d = a - 4. List the prime factors of d.
3
Suppose 4*b + 24 = -0*b. List the prime factors of b/(-21) - 152/(-7).
2, 11
Let q(p) be the first derivative of p**4/4 - 2*p**3 - 4*p**2 + 6*p - 2. Let m be q(7). What are the prime factors of 19/2 - m/(-2)?
3
Let i(z) = -z**2 + 4*z - 4. Let j be i(4). Let o = j + 10. Suppose -4*t = -f - 8, f - o*t + 3*t + 4 = 0. List the prime factors of f.
2
Suppose -2*l - 20 = -3*l - 5*g, -g - 17 = -4*l. Suppose 2*m - l = 11. List the prime factors of m.
2
Let o = 41 - -9. Suppose 0 = -4*p + 2*y + o, -3*y = -2*p - 8*y + 7. List the prime factors of p.
11
Let g = 0 + -10. Let b(u) = -u + 7. What are the prime factors of b(g)?
17
Let h = 99 + -68. Suppose -w = -5*q - 24 - 19, -2*w = 3*q + h. Let l = q + 15. List the prime factors of l.
2, 3
Let j(d) = d**3 + 5*d**2 + 3*d + 2. Suppose -3*b = -6*b, 0 = 2*t - 3*b + 8. What are the prime factors of j(t)?
2, 3
Let x = 78 + -53. Let p be 0 + 14 + 0 + 1. Let j = x - p. What are the prime factors of j?
2, 5
Let j be (-3)/1*(-4)/(-6). Let i = 2 + j. Suppose 4*n + 4*s = i, 8 = 2*n - 3*n - 3*s. What are the prime factors of n?
2
Suppose -3*w + 201 = -2*p, 3*w - 112 - 80 = -p. Let i = -43 + w. List the prime factors of i.
2, 11
Let j(r) = r - 2. Suppose -5*k + 50 = v + 4*v, -2*k - v + 15 = 0. What are the prime factors of j(k)?
3
Let z(i) = -3*i - 1. Let c be z(-1). Suppose -c*q + 36 = -6*q. List the prime factors of 0/(1 - 2) - q.
3
Suppose 16 = 4*z - 0*z + 2*f, 10 = z + 2*f. Suppose z*b - 4*b = 14. Let x = 14 + b. List the prime factors of x.
7
Let w be (9/2)/((-6)/(-8)). Suppose 5*r + 22 = w*r. List the prime factors of r.
2, 11
Suppose q + 16 = b - 0, -4*q = b + 4. List the prime factors of b.
2, 3
Suppose 6*v = 3*v + 81. Suppose 5*c = -2*x + 35, 7 = -5*c + x + v. List the prime factors of 10/(c - (4 - 1)).
5
Suppose -5*i = 2*m - 474, 3*i + i - 386 = -5*m. List the prime factors of i.
2, 47
Suppose -q + 58 = -18. List the prime factors of q.
2, 19
Suppose 11*z + 3 = 10*z. List the prime factors of ((-5)/(-3)*z)/(-1).
5
Suppose -8*o + 1060 - 436 = 0. What are the prime factors of o?
2, 3, 13
Let w(j) = -j**2 + 7*j**2 - j**3 + 7*j + 4 + 6. What are the prime factors of w(7)?
2, 5
Let t = 1 - -36. List the prime factors of t.
37
Let g(o) be the first derivative of -o**4/4 - 2*o**3 - 5*o**2/2 + 3*o + 1. What are the prime factors of g(-5)?
3
Suppose -4*f = 3*a - 5, -2*a + 0*f = -3*f + 8. Let c(g) = 8*g**2 - g. List the prime factors of c(a).
3
Let f = 214 - 128. What are the prime factors of f?
2, 43
Let a be 2*(-1)/((-4)/(-38)). Let f = a + 51. Suppose -2 + f = 3*x. What are the prime factors of x?
2, 5
Let x(g) be the first derivative of g**2/2 - 3*g - 2. Let w be x